e
Is 1536426209 a prime number?
False
Is 1960836331 prime?
False
Is 38740439 a prime number?
False
Is 10627081979 prime?
True
Is 820438253 a prime number?
False
Is 285661969 a prime number?
True
Is 2715986881 a prime number?
True
Is 24268362873 a prime number?
False
Is 9389112851 prime?
False
Is 318995561 composite?
False
Is 84071626505 a composite number?
True
Is 1243184797 a prime number?
True
Is 43269920173 a composite number?
False
Is 9369411281 prime?
False
Is 61308491 prime?
False
Is 16617919853 prime?
False
Is 15631758133 composite?
False
Is 9168783881 a composite number?
True
Is 4448331611 composite?
False
Is 89523013639 a composite number?
False
Is 430257013 a prime number?
False
Is 4499652853 prime?
True
Is 4994008889 prime?
False
Is 19799242189 composite?
True
Is 51182829301 a prime number?
False
Is 5541678043 a composite number?
True
Is 463457327 a prime number?
False
Is 1276284803 composite?
False
Is 1851999419 prime?
True
Is 227300609 a composite number?
True
Is 13840758839 prime?
True
Is 1484509141 a composite number?
False
Is 1438850683 a prime number?
False
Is 34146114209 a composite number?
False
Is 1611327673 prime?
False
Is 747605183 a composite number?
True
Is 324543269 a composite number?
True
Is 189062754563 prime?
True
Is 647354537 prime?
True
Is 2821827973 composite?
False
Is 1849062119 composite?
True
Is 2265595133 composite?
True
Is 1683563543 prime?
False
Is 84189222283 a prime number?
True
Is 121387648309 a prime number?
False
Is 12447937991 prime?
True
Is 18489779551 composite?
False
Is 1993749023 prime?
False
Is 1028670413 composite?
True
Is 15684190231 a prime number?
True
Is 7848647561 a composite number?
False
Is 22548730807 prime?
False
Is 314858057 composite?
True
Is 22956756457 a prime number?
True
Is 69099462077 composite?
True
Is 369077309 composite?
False
Is 939155583 prime?
False
Is 199463573 prime?
True
Is 153071245277 composite?
True
Is 27825059 prime?
True
Is 41670404351 prime?
True
Is 490134163 a composite number?
True
Is 21725764699 a composite number?
False
Is 1417714709 a prime number?
True
Is 16247298127 prime?
True
Is 2769416551 prime?
False
Is 1169632757 prime?
True
Is 2947278887 prime?
False
Is 2285217937 a prime number?
False
Is 1473574517 composite?
True
Is 65229851879 a prime number?
False
Is 127368251 a composite number?
True
Is 1697480677 prime?
False
Is 15674226973 prime?
True
Is 394550323 a prime number?
False
Is 3574733009 a prime number?
True
Is 13124518403 a composite number?
True
Is 95236951213 a composite number?
False
Is 18486349 prime?
False
Is 8104105021 composite?
True
Is 49762307761 composite?
True
Is 63715385255 composite?
True
Is 5795810557 a composite number?
False
Is 790991849 a composite number?
True
Is 12520441959 composite?
True
Is 111404047 composite?
False
Is 1369524529 prime?
True
Is 9808515727 a composite number?
False
Is 4113164677 prime?
True
Is 44814733527 composite?
True
Is 8458977899 a prime number?
False
Is 22243128169 a composite number?
True
Is 74203871 a prime number?
False
Is 40030488611 prime?
False
Is 559768007 a composite number?
False
Is 113432801498 a composite number?
True
Is 37391395913 a composite number?
False
Is 205520089417 a composite number?
False
Is 36145765537 a prime number?
False
Is 273327773 a prime number?
False
Is 5198529403 a composite number?
True
Is 22699899401 a prime number?
False
Is 61627273 composite?
False
Is 185686273 composite?
False
Is 635152949 a composite number?
True
Is 117763720643 a prime number?
True
Is 10660666817 a composite number?
False
Is 1249209398 prime?
False
Is 16956085495 prime?
False
Is 92824491527 a composite number?
False
Is 96305258387 a prime number?
False
Is 18611043673 a prime number?
False
Is 3588125149 prime?
False
Is 29259099197 a composite number?
False
Is 2137401323 a composite number?
False
Is 34532297245 a prime number?
False
Is 141462133 prime?
True
Is 289527423905 a prime number?
False
Is 156425872637 prime?
True
Is 52322092321 a prime number?
True
Is 52077832799 a prime number?
False
Is 1131965921 a composite number?
True
Is 24752299903 composite?
False
Is 6873821 a composite number?
False
Is 1318657709 a prime number?
False
Is 26712743933 a prime number?
False
Is 1477493747 a prime number?
True
Is 1544981 prime?
False
Is 245078539 a prime number?
False
Is 53735601139 prime?
False
Is 8200985707 a composite number?
True
Is 4195671887 composite?
True
Is 3030905711 composite?
True
Is 20160122369 a prime number?
True
Is 5074778441 a composite number?
True
Is 2890618823 a composite number?
False
Is 335237341 composite?
True
Is 108189607 a composite number?
False
Is 731966519 a prime number?
False
Is 1227108053 prime?
True
Is 3090893027 prime?
False
Is 58268874749 prime?
True
Is 34764323287 a composite number?
True
Is 362194919 a prime number?
False
Is 33677029 a composite number?
True
Is 50625786961 a composite number?
True
Is 163956044971 a prime number?
False
Is 29202343687 composite?
True
Is 2489213 composite?
False
Is 7508767873 a composite number?
True
Is 196539730397 prime?
False
Is 10086779047 prime?
False
Is 322536719 prime?
False
Is 8714115541 a composite number?
True
Is 17336120629 composite?
False
Is 22369414003 a prime number?
True
Is 3283246063 composite?
True
Is 601355813 a composite number?
True
Is 2936991773 a prime number?
True
Is 654843811 a prime number?
True
Is 9453938961 prime?
False
Is 19236780737 a prime number?
True
Is 51462666691 a composite number?
False
Is 59820273761 prime?
False
Is 41678974361 composite?
False
Is 42451436059 prime?
True
Is 898831091 a prime number?
True
Is 1577994767 a composite number?
True
Is 131836139 composite?
True
Is 356098777 a composite number?
True
Is 706366739 a prime number?
False
Is 10928317091 a prime number?
True
Is 94464683 prime?
True
Is 118701378161 prime?
False
Is 42278725513 composite?
False
Is 2758345609 a prime number?
False
Is 13057221493 prime?
False
Is 169492266487 a composite number?
False
Is 1353279821 prime?
True
Is 12313133791 prime?
False
Is 88674211 prime?
True
Is 1382745323 composite?
True
Is 15295119773 composite?
False
Is 2959130423 prime?
True
Is 1284123991 prime?
True
Is 9045749543 a composite number?
False
Is 5842340213 prime?
False
Is 1690308602 prime?
False
Is 108455777 composite?
True
Is 2189079679 prime?
True
Is 1921596758 a prime number?
False
Is 5590121821 composite?
True
Is 1030184611 prime?
True
Is 60579612943 composite?
False
Is 13177823653 composite?
True
Is 45908974637 prime?
False
Is 343142249 composite?
False
Is 709164409 composite?
False
Is 59707495033 prime?
True
Is 1169112635 composite?
True
Is 1223191199 composite?
False
Is 32562100057 a prime number?
True
Is 825561413 prime?
True
Is 317407603 a prime number?
True
Is 9073277249 a prime number?
True
Is 103793690303 prime?
False
Is 17935477247 a composite number?
False
Is 1959468457 composite?
True
Is 4305745865 a composite number?
True
Is 742009067 prime?
True
Is 277070039 composite?
False
Is 202220333 composite?
True
Is 72198390787 composite?
True
Is 766012361 prime?
False
Is 31510521961 prime?
True
Is 2230989827 composite?
True
Is 536392837 a prime number?
True
Is 19604700217 a composite number?
False
Is 8474454931 a composite number?
False
Is 20169342447 prime?
False
Is 149368530659 prime?
True
Is 26991172423 a composite number?
True
Is 72153499489 a prime number?
False
Is 117446668985 composite?
True
Is 23682522613 a composite number?
False
Is 3592983727 a prime number?
True
Is 48914536421 a prime number?
True
Is 304502844869 prime?
True
Is 329502776919 prime?
False
Is 421871737 a prime number?
False
Is 674186881 a prime number?
False
Is 563607803 composite?
True
Is 2825937679 composite?
False
Is 36869557853 prime?
False
Is 149492918317 a composite number?
False
Is 498339463 composite?
False
Is 267908969 a prime number?
False
Is 21327289 a prime number?
True
Is 21805349 a prime number?
True
Is 13693326193 prime?
False
Is 829184203 a prime number?
True
Is 7089461497 a prime number?
True
Is 67501583 prime?
False
Is 406735391 a prime number?
False
Is 14274692459 composite?
False
Is 5551095373 prime?
True
Is 3091684558 prime?
False
Is 687894343 a prime number?
False
Is 277122103 prime?
True
Is 1701429773 prime?
True
Is 380862021 prime?
False
Is 2